{"id":705,"date":"2020-09-09T07:46:22","date_gmt":"2020-09-09T07:46:22","guid":{"rendered":"http:\/\/llardinfantstictac.com?page_id=705"},"modified":"2020-09-09T07:47:29","modified_gmt":"2020-09-09T07:47:29","slug":"politica-de-privacidad-2","status":"publish","type":"page","link":"https:\/\/llardinfantstictac.com\/?page_id=705","title":{"rendered":"POL\u00cdTICA DE PRIVACIDAD"},"content":{"rendered":"\n<p>En LA LLAR D&#8217;INFANTS DE LA GRAN TAC I LA PETITA TIC 2014 SL nos preocupamos por la privacidad y la transparencia.&nbsp;&nbsp;&nbsp;&nbsp;&nbsp;&nbsp;<br>A continuaci\u00f3n, le indicamos en detalle los tratamientos de datos personales que realizamos, as\u00ed como toda la informaci\u00f3n relativa a los mismos.<\/p>\n\n\n\n<p>Tratamiento de los datos de clientes y usuarios<\/p>\n\n\n\n<figure class=\"wp-block-table\"><table><tbody><tr><td><strong>Informaci\u00f3n b\u00e1sica sobre Protecci\u00f3n de datos<\/strong><\/td><\/tr><tr><td><strong>Responsable:<\/strong><\/td><td>LA LLAR D&#8217;INFANTS DE LA GRAN TAC I LA PETITA TIC 2014 SL<\/td><\/tr><tr><td><strong>Finalidad:<\/strong><\/td><td>Prestar los servicios solicitados y enviar comunicaciones comerciales<\/td><\/tr><tr><td><strong>Legitimaci\u00f3n:<\/strong><\/td><td>Ejecuci\u00f3n de un contrato. Inter\u00e9s leg\u00edtimo del Responsable.<\/td><\/tr><tr><td><strong>Destinatarios:<\/strong><\/td><td>Est\u00e1n previstas cesiones de datos a: Administraci\u00f3n Tributaria; Entidades financieras.<\/td><\/tr><tr><td><strong>Derechos:<\/strong><\/td><td>Tiene derecho a acceder, rectificar y suprimir los datos, as\u00ed como otros derechos, indicados en la informaci\u00f3n adicional, que puede ejercer dirigi\u00e9ndose a la direcci\u00f3n del responsable del tratamiento<\/td><\/tr><tr><td><strong>Procedencia:<\/strong><\/td><td>El propio interesado.<\/td><\/tr><\/tbody><\/table><\/figure>\n\n\n\n<p>Informaci\u00f3n completa sobre Protecci\u00f3n de Datos<\/p>\n\n\n\n<ol type=\"1\"><li>\u00bfQui\u00e9n es el responsable del tratamiento de sus datos?<\/li><\/ol>\n\n\n\n<p>LA LLAR D&#8217;INFANTS DE LA GRAN TAC I LA PETITA TIC 2014 SL.<\/p>\n\n\n\n<p>B25785106.<\/p>\n\n\n\n<p>C\/- Comtessa Elvira 1 &#8211; 25008 &#8211; Lleida &#8211; LLEIDA.<\/p>\n\n\n\n<p>973236545.<\/p>\n\n\n\n<p>info@llardinfantstictac.com.<\/p>\n\n\n\n<ul><li>\u00bfCon qu\u00e9 finalidad tratamos sus datos personales?<\/li><\/ul>\n\n\n\n<p>En LA LLAR D&#8217;INFANTS DE LA GRAN TAC I LA PETITA TIC 2014 SL tratamos la informaci\u00f3n que nos facilitan las personas interesadas con el fin de Realizar la gesti\u00f3n administrativa, contable y fiscal de los servicios solicitados, as\u00ed como enviar comunicaciones comerciales sobre nuestros productos y servicios.<\/p>\n\n\n\n<p>No se van a tomar decisiones automatizadas en base a los datos proporcionados.<\/p>\n\n\n\n<ul><li>\u00bfPor cu\u00e1nto tiempo conservaremos sus datos?<\/li><\/ul>\n\n\n\n<p>Los datos se conservar\u00e1n mientras el interesado no solicite su supresi\u00f3n, y en su caso, durante los a\u00f1os necesarios para cumplir con las obligaciones legales.<\/p>\n\n\n\n<ul><li>\u00bfCu\u00e1l es la legitimaci\u00f3n para el tratamiento de sus datos?<\/li><\/ul>\n\n\n\n<p>Le indicamos la base legal para el tratamiento de sus datos:<\/p>\n\n\n\n<ul><li>Ejecuci\u00f3n de un contrato: Realizar la gesti\u00f3n administrativa, contable y fiscal de los servicios solicitados<\/li><li>Inter\u00e9s leg\u00edtimo del Responsable: Enviar comunicaciones comerciales sobre nuestros productos y servicios<\/li><li>\u00bfA qu\u00e9 destinatarios se comunicar\u00e1n sus datos?<\/li><\/ul>\n\n\n\n<p>Los datos se comunicar\u00e1n a los siguientes destinatarios:<\/p>\n\n\n\n<ul><li>Administraci\u00f3n Tributaria, con la finalidad de Cumplir con las obligaciones legales<\/li><li>Entidades financieras, con la finalidad de Girar los recibos correspondientes<\/li><li>Transferencias de datos a terceros pa\u00edses<\/li><\/ul>\n\n\n\n<p>No est\u00e1n previstas transferencias de datos a terceros pa\u00edses.<\/p>\n\n\n\n<ul><li>\u00bfCu\u00e1les son sus derechos cuando nos facilita sus datos?<\/li><\/ul>\n\n\n\n<p>Cualquier persona tiene derecho a obtener confirmaci\u00f3n sobre si en LA LLAR D&#8217;INFANTS DE LA GRAN TAC I LA PETITA TIC 2014 SL estamos tratando, o no, datos personales que les conciernan.<\/p>\n\n\n\n<p>Las personas interesadas tienen derecho a acceder a sus datos personales, as\u00ed como a solicitar la rectificaci\u00f3n de los datos inexactos o, en su caso, solicitar su supresi\u00f3n cuando, entre otros motivos, los datos ya no sean necesarios para los fines que fueron recogidos. Igualmente tiene derecho a la portabilidad de sus datos.<\/p>\n\n\n\n<p>En determinadas circunstancias, los interesados podr\u00e1n solicitar la limitaci\u00f3n del tratamiento de sus datos, en cuyo caso \u00fanicamente los conservaremos para el ejercicio o la defensa de reclamaciones.<\/p>\n\n\n\n<p>En determinadas circunstancias y por motivos relacionados con su situaci\u00f3n particular, los interesados podr\u00e1n oponerse al tratamiento de sus datos. En este caso, LA LLAR D&#8217;INFANTS DE LA GRAN TAC I LA PETITA TIC 2014 SL dejar\u00e1 de tratar los datos, salvo por motivos leg\u00edtimos imperiosos, o el ejercicio o la defensa de posibles reclamaciones.<\/p>\n\n\n\n<p>Podr\u00e1 ejercitar materialmente sus derechos de la siguiente forma: dirigi\u00e9ndose a la direcci\u00f3n del responsable del tratamiento<\/p>\n\n\n\n<p>Cuando se realice el env\u00edo de comunicaciones comerciales utilizando como base jur\u00eddica el inter\u00e9s leg\u00edtimo del responsable, el interesado podr\u00e1 oponerse al tratamiento de sus datos con ese fin.<\/p>\n\n\n\n<p>Si ha otorgado su consentimiento para alguna finalidad concreta, tiene derecho a retirar el consentimiento otorgado en cualquier momento, sin que ello afecte a la licitud del tratamiento basado en el consentimiento previo a su retirada.<\/p>\n\n\n\n<p>En caso de que sienta vulnerados sus derechos en lo concerniente a la protecci\u00f3n de sus datos personales, especialmente cuando no haya obtenido satisfacci\u00f3n en el ejercicio de sus derechos, puede presentar una reclamaci\u00f3n ante la Autoridad de Control en materia de Protecci\u00f3n de Datos competente a trav\u00e9s de su sitio web: www.agpd.es.<\/p>\n\n\n\n<ul><li>\u00bfC\u00f3mo hemos obtenido sus datos?<\/li><\/ul>\n\n\n\n<p>Los datos personales que tratamos en LA LLAR D&#8217;INFANTS DE LA GRAN TAC I LA PETITA TIC 2014 SL proceden de: El propio interesado.<\/p>\n\n\n\n<p>Las categor\u00edas de datos que se tratan son:<\/p>\n\n\n\n<ul><li>Datos identificativos.<\/li><li>Direcciones postales y electr\u00f3nicas.<\/li><li>Informaci\u00f3n comercial.<\/li><\/ul>\n\n\n\n<p>Cl\u00e1usula para gesti\u00f3n de datos m\u00e9dicos del usuario<\/p>\n\n\n\n<figure class=\"wp-block-table\"><table><tbody><tr><td><strong>Informaci\u00f3n b\u00e1sica sobre Protecci\u00f3n de datos<\/strong><\/td><\/tr><tr><td><strong>Responsable:<\/strong><\/td><td>LA LLAR D&#8217;INFANTS DE LA GRAN TAC I LA PETITA TIC 2014 SL<\/td><\/tr><tr><td><strong>Finalidad:<\/strong><\/td><td>Gesti\u00f3n de datos m\u00e9dicos del usuario<\/td><\/tr><tr><td><strong>Legitimaci\u00f3n:<\/strong><\/td><td>Consentimiento del interesado.<\/td><\/tr><tr><td><strong>Destinatarios:<\/strong><\/td><td>Est\u00e1n previstas cesiones de datos a: Organismos de la Seguridad Social.<\/td><\/tr><tr><td><strong>Derechos:<\/strong><\/td><td>Tiene derecho a acceder, rectificar y suprimir los datos, as\u00ed como otros derechos, indicados en la informaci\u00f3n adicional, que puede ejercer dirigi\u00e9ndose a la direcci\u00f3n del responsable del tratamiento<\/td><\/tr><tr><td><strong>Procedencia:<\/strong><\/td><td>El propio interesado.<\/td><\/tr><\/tbody><\/table><\/figure>\n\n\n\n<p>Informaci\u00f3n completa sobre Protecci\u00f3n de Datos<\/p>\n\n\n\n<ol type=\"1\"><li>\u00bfQui\u00e9n es el responsable del tratamiento de sus datos?<\/li><\/ol>\n\n\n\n<p>LA LLAR D&#8217;INFANTS DE LA GRAN TAC I LA PETITA TIC 2014 SL.<\/p>\n\n\n\n<p>B25785106.<\/p>\n\n\n\n<p>C\/- Comtessa Elvira 1 &#8211; 25008 &#8211; Lleida &#8211; LLEIDA.<\/p>\n\n\n\n<p>973236545.<\/p>\n\n\n\n<p><a href=\"mailto:info@llardinfantstictac.com\">info@llardinfantstictac.com<\/a>.<\/p>\n\n\n\n<ul><li>\u00bfCon qu\u00e9 finalidad tratamos sus datos personales?<\/li><\/ul>\n\n\n\n<p>En LA LLAR D&#8217;INFANTS DE LA GRAN TAC I LA PETITA TIC 2014 SL tratamos la informaci\u00f3n que nos facilitan las personas interesadas con el fin de Realizar gestiones derivadas del servicio prestado con los datos m\u00e9dicos del usuario<\/p>\n\n\n\n<p>No se van a tomar decisiones automatizadas en base a los datos proporcionados.<\/p>\n\n\n\n<ul><li>\u00bfPor cu\u00e1nto tiempo conservaremos sus datos?<\/li><\/ul>\n\n\n\n<p>Los datos se conservar\u00e1n, como m\u00ednimo cinco a\u00f1os contados desde la fecha del alta de cada proceso asistencial, seg\u00fan consta en la normativa estatal vigente en la materia (puede variar dependiendo de la legislaci\u00f3n auton\u00f3mica).<\/p>\n\n\n\n<ul><li>\u00bfCu\u00e1l es la legitimaci\u00f3n para el tratamiento de sus datos?<\/li><\/ul>\n\n\n\n<p>Le indicamos la base legal para el tratamiento de sus datos:<\/p>\n\n\n\n<ul><li>Consentimiento del interesado: Realizar gestiones derivadas del servicio prestado con los datos m\u00e9dicos del usuario<\/li><li>\u00bfA qu\u00e9 destinatarios se comunicar\u00e1n sus datos?<\/li><\/ul>\n\n\n\n<p>Los datos se comunicar\u00e1n a los siguientes destinatarios:<\/p>\n\n\n\n<ul><li>Organismos de la Seguridad Social, con la finalidad de Cumplir con las obligaciones legales<\/li><li>Transferencias de datos a terceros pa\u00edses<\/li><\/ul>\n\n\n\n<p>No est\u00e1n previstas transferencias de datos a terceros pa\u00edses.<\/p>\n\n\n\n<ul><li>\u00bfCu\u00e1les son sus derechos cuando nos facilita sus datos?<\/li><\/ul>\n\n\n\n<p>Cualquier persona tiene derecho a obtener confirmaci\u00f3n sobre si en LA LLAR D&#8217;INFANTS DE LA GRAN TAC I LA PETITA TIC 2014 SL estamos tratando, o no, datos personales que les conciernan.<\/p>\n\n\n\n<p>Las personas interesadas tienen derecho a acceder a sus datos personales, as\u00ed como a solicitar la rectificaci\u00f3n de los datos inexactos o, en su caso, solicitar su supresi\u00f3n cuando, entre otros motivos, los datos ya no sean necesarios para los fines que fueron recogidos. Igualmente tiene derecho a la portabilidad de sus datos.<\/p>\n\n\n\n<p>En determinadas circunstancias, los interesados podr\u00e1n solicitar la limitaci\u00f3n del tratamiento de sus datos, en cuyo caso \u00fanicamente los conservaremos para el ejercicio o la defensa de reclamaciones.<\/p>\n\n\n\n<p>En determinadas circunstancias y por motivos relacionados con su situaci\u00f3n particular, los interesados podr\u00e1n oponerse al tratamiento de sus datos. En este caso, LA LLAR D&#8217;INFANTS DE LA GRAN TAC I LA PETITA TIC 2014 SL dejar\u00e1 de tratar los datos, salvo por motivos leg\u00edtimos imperiosos, o el ejercicio o la defensa de posibles reclamaciones.<\/p>\n\n\n\n<p>Podr\u00e1 ejercitar materialmente sus derechos de la siguiente forma: dirigi\u00e9ndose a la direcci\u00f3n del responsable del tratamiento<\/p>\n\n\n\n<p>Cuando se realice el env\u00edo de comunicaciones comerciales utilizando como base jur\u00eddica el inter\u00e9s leg\u00edtimo del responsable, el interesado podr\u00e1 oponerse al tratamiento de sus datos con ese fin.<\/p>\n\n\n\n<p>Si ha otorgado su consentimiento para alguna finalidad concreta, tiene derecho a retirar el consentimiento otorgado en cualquier momento, sin que ello afecte a la licitud del tratamiento basado en el consentimiento previo a su retirada.<\/p>\n\n\n\n<p>En caso de que sienta vulnerados sus derechos en lo concerniente a la protecci\u00f3n de sus datos personales, especialmente cuando no haya obtenido satisfacci\u00f3n en el ejercicio de sus derechos, puede presentar una reclamaci\u00f3n ante la Autoridad de Control en materia de Protecci\u00f3n de Datos competente a trav\u00e9s de su sitio web: www.agpd.es.<\/p>\n\n\n\n<ul><li>\u00bfC\u00f3mo hemos obtenido sus datos?<\/li><\/ul>\n\n\n\n<p>Los datos personales que tratamos en LA LLAR D&#8217;INFANTS DE LA GRAN TAC I LA PETITA TIC 2014 SL proceden de: El propio interesado.<br><\/p>\n\n\n\n<p>Tratamiento de los datos del personal<\/p>\n\n\n\n<figure class=\"wp-block-table\"><table><tbody><tr><td><strong>Informaci\u00f3n b\u00e1sica sobre Protecci\u00f3n de datos<\/strong><\/td><\/tr><tr><td><strong>Responsable:<\/strong><\/td><td>LA LLAR D&#8217;INFANTS DE LA GRAN TAC I LA PETITA TIC 2014 SL<\/td><\/tr><tr><td><strong>Finalidad:<\/strong><\/td><td>Gestionar la relaci\u00f3n laboral<\/td><\/tr><tr><td><strong>Legitimaci\u00f3n:<\/strong><\/td><td>Ejecuci\u00f3n de un contrato. Cumplimiento de una obligaci\u00f3n legal.<\/td><\/tr><tr><td><strong>Destinatarios:<\/strong><\/td><td>Est\u00e1n previstas cesiones de datos a: Administraci\u00f3n Tributaria, Seguridad Social y Mutua; Bancos y entidades financieras; Fundaci\u00f3n estatal para la formaci\u00f3n en el empleo (Fundae).<\/td><\/tr><tr><td><strong>Derechos:<\/strong><\/td><td>Tiene derecho a acceder, rectificar y suprimir los datos, as\u00ed como otros derechos, indicados en la informaci\u00f3n adicional, que puede ejercer dirigi\u00e9ndose a la direcci\u00f3n del responsable del tratamiento<\/td><\/tr><tr><td><strong>Procedencia:<\/strong><\/td><td>El propio interesado.<\/td><\/tr><\/tbody><\/table><\/figure>\n\n\n\n<p>Informaci\u00f3n completa sobre Protecci\u00f3n de Datos<\/p>\n\n\n\n<ol type=\"1\"><li>\u00bfQui\u00e9n es el responsable del tratamiento de sus datos?<\/li><\/ol>\n\n\n\n<p>LA LLAR D&#8217;INFANTS DE LA GRAN TAC I LA PETITA TIC 2014 SL.<\/p>\n\n\n\n<p>B25785106.<\/p>\n\n\n\n<p>C\/- Comtessa Elvira 1 &#8211; 25008 &#8211; Lleida &#8211; LLEIDA.<\/p>\n\n\n\n<p>973236545.<\/p>\n\n\n\n<p>info@llardinfantstictac.com.<\/p>\n\n\n\n<ul><li>\u00bfCon qu\u00e9 finalidad tratamos sus datos personales?<\/li><\/ul>\n\n\n\n<p>En LA LLAR D&#8217;INFANTS DE LA GRAN TAC I LA PETITA TIC 2014 SL tratamos la informaci\u00f3n que nos facilitan las personas interesadas con el fin de Gesti\u00f3n de personal; formaci\u00f3n; prevenci\u00f3n de riesgos laborales y vigilancia de la salud; elaboraci\u00f3n de n\u00f3minas, seguros sociales y cotizaciones<\/p>\n\n\n\n<p>No se van a tomar decisiones automatizadas en base a los datos proporcionados.<\/p>\n\n\n\n<ul><li>\u00bfPor cu\u00e1nto tiempo conservaremos sus datos?<\/li><\/ul>\n\n\n\n<p>Mientras se mantenga la relaci\u00f3n laboral con la entidad y durante los a\u00f1os necesarios para cumplir con las obligaciones legales.<\/p>\n\n\n\n<ul><li>\u00bfCu\u00e1l es la legitimaci\u00f3n para el tratamiento de sus datos?<\/li><\/ul>\n\n\n\n<p>Le indicamos la base legal para el tratamiento de sus datos:<\/p>\n\n\n\n<ul><li>Ejecuci\u00f3n de un contrato: Gesti\u00f3n de personal y formaci\u00f3n<\/li><li>Cumplimiento de una obligaci\u00f3n legal: Prevenci\u00f3n de riesgos laborales y vigilancia de la salud; elaboraci\u00f3n de n\u00f3minas, seguros sociales y cotizaciones<\/li><li>\u00bfA qu\u00e9 destinatarios se comunicar\u00e1n sus datos?<\/li><\/ul>\n\n\n\n<p>Los datos se comunicar\u00e1n a los siguientes destinatarios:<\/p>\n\n\n\n<ul><li>Administraci\u00f3n Tributaria, Seguridad Social y Mutua, con la finalidad de Cumplimiento de las obligaciones legales<\/li><li>Bancos y entidades financieras, con la finalidad de Realizar el pago de las n\u00f3minas<\/li><li>Fundaci\u00f3n estatal para la formaci\u00f3n en el empleo (Fundae), con la finalidad de Realizar la gesti\u00f3n de los cursos bonificados<\/li><li>Transferencias de datos a terceros pa\u00edses<\/li><\/ul>\n\n\n\n<p>No est\u00e1n previstas transferencias de datos a terceros pa\u00edses.<\/p>\n\n\n\n<ul><li>\u00bfCu\u00e1les son sus derechos cuando nos facilita sus datos?<\/li><\/ul>\n\n\n\n<p>Cualquier persona tiene derecho a obtener confirmaci\u00f3n sobre si en LA LLAR D&#8217;INFANTS DE LA GRAN TAC I LA PETITA TIC 2014 SL estamos tratando, o no, datos personales que les conciernan.<\/p>\n\n\n\n<p>Las personas interesadas tienen derecho a acceder a sus datos personales, as\u00ed como a solicitar la rectificaci\u00f3n de los datos inexactos o, en su caso, solicitar su supresi\u00f3n cuando, entre otros motivos, los datos ya no sean necesarios para los fines que fueron recogidos. Igualmente tiene derecho a la portabilidad de sus datos.<\/p>\n\n\n\n<p>En determinadas circunstancias, los interesados podr\u00e1n solicitar la limitaci\u00f3n del tratamiento de sus datos, en cuyo caso \u00fanicamente los conservaremos para el ejercicio o la defensa de reclamaciones.<\/p>\n\n\n\n<p>En determinadas circunstancias y por motivos relacionados con su situaci\u00f3n particular, los interesados podr\u00e1n oponerse al tratamiento de sus datos. En este caso, LA LLAR D&#8217;INFANTS DE LA GRAN TAC I LA PETITA TIC 2014 SL dejar\u00e1 de tratar los datos, salvo por motivos leg\u00edtimos imperiosos, o el ejercicio o la defensa de posibles reclamaciones.<\/p>\n\n\n\n<p>Podr\u00e1 ejercitar materialmente sus derechos de la siguiente forma: dirigi\u00e9ndose a la direcci\u00f3n del responsable del tratamiento<\/p>\n\n\n\n<p>Cuando se realice el env\u00edo de comunicaciones comerciales utilizando como base jur\u00eddica el inter\u00e9s leg\u00edtimo del responsable, el interesado podr\u00e1 oponerse al tratamiento de sus datos con ese fin.<\/p>\n\n\n\n<p>Si ha otorgado su consentimiento para alguna finalidad concreta, tiene derecho a retirar el consentimiento otorgado en cualquier momento, sin que ello afecte a la licitud del tratamiento basado en el consentimiento previo a su retirada.<\/p>\n\n\n\n<p>En caso de que sienta vulnerados sus derechos en lo concerniente a la protecci\u00f3n de sus datos personales, especialmente cuando no haya obtenido satisfacci\u00f3n en el ejercicio de sus derechos, puede presentar una reclamaci\u00f3n ante la Autoridad de Control en materia de Protecci\u00f3n de Datos competente a trav\u00e9s de su sitio web: <a href=\"http:\/\/www.agpd.es\">www.agpd.es<\/a>.<\/p>\n\n\n\n<ul><li>\u00bfC\u00f3mo hemos obtenido sus datos?<\/li><\/ul>\n\n\n\n<p>Los datos personales que tratamos en LA LLAR D&#8217;INFANTS DE LA GRAN TAC I LA PETITA TIC 2014 SL proceden de: El propio interesado.<\/p>\n\n\n\n<p>Las categor\u00edas de datos que se tratan son:<\/p>\n\n\n\n<ul><li>Datos identificativos.<\/li><li>Informaci\u00f3n comercial.<\/li><li>Datos econ\u00f3micos.<\/li><\/ul>\n\n\n\n<p>Se tratan las siguientes categor\u00edas de datos especiales: salud<\/p>\n","protected":false},"excerpt":{"rendered":"<p>En LA LLAR D&#8217;INFANTS DE LA GRAN TAC I LA PETITA TIC 2014 SL nos preocupamos por la privacidad y la transparencia.&nbsp;&nbsp;&nbsp;&nbsp;&nbsp;&nbsp;A continuaci\u00f3n, le indicamos en detalle los tratamientos de datos personales que realizamos, as\u00ed como toda la informaci\u00f3n relativa a los mismos. Tratamiento de los datos de clientes y usuarios Informaci\u00f3n b\u00e1sica sobre Protecci\u00f3n [&hellip;]<\/p>\n","protected":false},"author":1,"featured_media":0,"parent":0,"menu_order":95,"comment_status":"closed","ping_status":"closed","template":"","meta":{"footnotes":""},"_links":{"self":[{"href":"https:\/\/llardinfantstictac.com\/index.php?rest_route=\/wp\/v2\/pages\/705"}],"collection":[{"href":"https:\/\/llardinfantstictac.com\/index.php?rest_route=\/wp\/v2\/pages"}],"about":[{"href":"https:\/\/llardinfantstictac.com\/index.php?rest_route=\/wp\/v2\/types\/page"}],"author":[{"embeddable":true,"href":"https:\/\/llardinfantstictac.com\/index.php?rest_route=\/wp\/v2\/users\/1"}],"replies":[{"embeddable":true,"href":"https:\/\/llardinfantstictac.com\/index.php?rest_route=%2Fwp%2Fv2%2Fcomments&post=705"}],"version-history":[{"count":2,"href":"https:\/\/llardinfantstictac.com\/index.php?rest_route=\/wp\/v2\/pages\/705\/revisions"}],"predecessor-version":[{"id":710,"href":"https:\/\/llardinfantstictac.com\/index.php?rest_route=\/wp\/v2\/pages\/705\/revisions\/710"}],"wp:attachment":[{"href":"https:\/\/llardinfantstictac.com\/index.php?rest_route=%2Fwp%2Fv2%2Fmedia&parent=705"}],"curies":[{"name":"wp","href":"https:\/\/api.w.org\/{rel}","templated":true}]}}